{"id":3626,"date":"2024-10-01T13:59:15","date_gmt":"2024-10-01T13:59:15","guid":{"rendered":"https:\/\/www.fiadys.org\/?p=3626"},"modified":"2025-08-08T09:49:43","modified_gmt":"2025-08-08T09:49:43","slug":"nuevo-episodio-de-dialogos-con-fiadys-3","status":"publish","type":"dialogo","link":"https:\/\/www.fiadys.org\/en\/dialogo\/nuevo-episodio-de-dialogos-con-fiadys-3\/","title":{"rendered":"Episodio 7. Justicia restaurativa empresarial y criminolog\u00eda verde"},"content":{"rendered":"\n<p>Bienvenidos y bienvenidas al s\u00e9ptimo episodio de Di\u00e1logos con FIADYS. En este episodio nos reunimos con Gema Varona Mart\u00ednez, directora del Instituto Vasco de Criminolog\u00eda, profesora de Pol\u00edtica Criminal y Victimolog\u00eda en la Universidad del Pa\u00eds Vasco e investigadora asociada de FIADYS. Hablamos con ella sobre la justicia restaurativa empresarial y criminolog\u00eda verde. <\/p>\n\n\n\n<p>Pod\u00e9is escuchar el episodio en <a href=\"https:\/\/open.spotify.com\/episode\/0atxhN0Dxt6uaXGIHATDmG?si=RQcA9bAKSxODgsjNwzptVw\">Spotify<\/a>, Apple Podcast y <a href=\"https:\/\/youtu.be\/ThjlAp6lMAU?si=DhHpp4XHoPNONqBq\">YouTube<\/a>.<\/p>\n\n\n\n<p>Si quer\u00e9is seguir las publicaciones mencionadas durante el episodio, os dejamos los links que podr\u00edan ser de inter\u00e9s: <\/p>\n\n\n\n<p>&#8211; Publicaciones del Instituto Vasco de Criminolog\u00eda: <a href=\"https:\/\/www.ehu.eus\/es\/web\/ivac\/laboratorio-de-teoria-y-practica-de-la-justicia-restaurativa\/publicaciones\">https:\/\/www.ehu.eus\/es\/web\/ivac\/laboratorio-de-teoria-y-practica-de-la-justicia-restaurativa\/publicaciones<\/a><\/p>\n\n\n\n<p>&#8211; Instituto Vasco de Criminolog\u00eda: <a href=\"https:\/\/www.ehu.eus\/es\/web\/ivac\">https:\/\/www.ehu.eus\/es\/web\/ivac<\/a><\/p>\n","protected":false},"excerpt":{"rendered":"<p>Bienvenidos y bienvenidas al s\u00e9ptimo episodio de Di\u00e1logos con FIADYS. En este episodio nos reunimos con Gema Varona Mart\u00ednez, directora [&hellip;]<\/p>\n","protected":false},"featured_media":3627,"template":"","tags":[],"class_list":["post-3626","dialogo","type-dialogo","status-publish","has-post-thumbnail","hentry"],"acf":[],"yoast_head":"<!-- This site is optimized with the Yoast SEO plugin v27.4 - https:\/\/yoast.com\/product\/yoast-seo-wordpress\/ -->\n<title>Episodio 7. Justicia restaurativa empresarial y criminolog\u00eda verde - Fiadys<\/title>\n<meta name=\"robots\" content=\"index, follow, max-snippet:-1, max-image-preview:large, max-video-preview:-1\" \/>\n<link rel=\"canonical\" href=\"https:\/\/www.fiadys.org\/dialogo\/nuevo-episodio-de-dialogos-con-fiadys-3\/\" \/>\n<meta property=\"og:locale\" content=\"en_US\" \/>\n<meta property=\"og:type\" content=\"article\" \/>\n<meta property=\"og:title\" content=\"Episodio 7. Justicia restaurativa empresarial y criminolog\u00eda verde - Fiadys\" \/>\n<meta property=\"og:description\" content=\"Bienvenidos y bienvenidas al s\u00e9ptimo episodio de Di\u00e1logos con FIADYS. En este episodio nos reunimos con Gema Varona Mart\u00ednez, directora [&hellip;]\" \/>\n<meta property=\"og:url\" content=\"https:\/\/www.fiadys.org\/dialogo\/nuevo-episodio-de-dialogos-con-fiadys-3\/\" \/>\n<meta property=\"og:site_name\" content=\"Fiadys\" \/>\n<meta property=\"article:modified_time\" content=\"2025-08-08T09:49:43+00:00\" \/>\n<meta property=\"og:image\" content=\"https:\/\/www.fiadys.org\/wp-content\/uploads\/2024\/10\/Logo-podcast-.jpg\" \/>\n\t<meta property=\"og:image:width\" content=\"500\" \/>\n\t<meta property=\"og:image:height\" content=\"500\" \/>\n\t<meta property=\"og:image:type\" content=\"image\/jpeg\" \/>\n<meta name=\"twitter:card\" content=\"summary_large_image\" \/>\n<meta name=\"twitter:label1\" content=\"Est. reading time\" \/>\n\t<meta name=\"twitter:data1\" content=\"1 minute\" \/>\n<script type=\"application\/ld+json\" class=\"yoast-schema-graph\">{\"@context\":\"https:\\\/\\\/schema.org\",\"@graph\":[{\"@type\":\"WebPage\",\"@id\":\"https:\\\/\\\/www.fiadys.org\\\/dialogo\\\/nuevo-episodio-de-dialogos-con-fiadys-3\\\/\",\"url\":\"https:\\\/\\\/www.fiadys.org\\\/dialogo\\\/nuevo-episodio-de-dialogos-con-fiadys-3\\\/\",\"name\":\"Episodio 7. Justicia restaurativa empresarial y criminolog\u00eda verde - Fiadys\",\"isPartOf\":{\"@id\":\"https:\\\/\\\/www.fiadys.org\\\/#website\"},\"primaryImageOfPage\":{\"@id\":\"https:\\\/\\\/www.fiadys.org\\\/dialogo\\\/nuevo-episodio-de-dialogos-con-fiadys-3\\\/#primaryimage\"},\"image\":{\"@id\":\"https:\\\/\\\/www.fiadys.org\\\/dialogo\\\/nuevo-episodio-de-dialogos-con-fiadys-3\\\/#primaryimage\"},\"thumbnailUrl\":\"https:\\\/\\\/www.fiadys.org\\\/wp-content\\\/uploads\\\/2024\\\/10\\\/Logo-podcast-.jpg\",\"datePublished\":\"2024-10-01T13:59:15+00:00\",\"dateModified\":\"2025-08-08T09:49:43+00:00\",\"breadcrumb\":{\"@id\":\"https:\\\/\\\/www.fiadys.org\\\/dialogo\\\/nuevo-episodio-de-dialogos-con-fiadys-3\\\/#breadcrumb\"},\"inLanguage\":\"en-US\",\"potentialAction\":[{\"@type\":\"ReadAction\",\"target\":[\"https:\\\/\\\/www.fiadys.org\\\/dialogo\\\/nuevo-episodio-de-dialogos-con-fiadys-3\\\/\"]}]},{\"@type\":\"ImageObject\",\"inLanguage\":\"en-US\",\"@id\":\"https:\\\/\\\/www.fiadys.org\\\/dialogo\\\/nuevo-episodio-de-dialogos-con-fiadys-3\\\/#primaryimage\",\"url\":\"https:\\\/\\\/www.fiadys.org\\\/wp-content\\\/uploads\\\/2024\\\/10\\\/Logo-podcast-.jpg\",\"contentUrl\":\"https:\\\/\\\/www.fiadys.org\\\/wp-content\\\/uploads\\\/2024\\\/10\\\/Logo-podcast-.jpg\",\"width\":500,\"height\":500},{\"@type\":\"BreadcrumbList\",\"@id\":\"https:\\\/\\\/www.fiadys.org\\\/dialogo\\\/nuevo-episodio-de-dialogos-con-fiadys-3\\\/#breadcrumb\",\"itemListElement\":[{\"@type\":\"ListItem\",\"position\":1,\"name\":\"Home\",\"item\":\"https:\\\/\\\/www.fiadys.org\\\/en\\\/\"},{\"@type\":\"ListItem\",\"position\":2,\"name\":\"Episodio 7. Justicia restaurativa empresarial y criminolog\u00eda verde\"}]},{\"@type\":\"WebSite\",\"@id\":\"https:\\\/\\\/www.fiadys.org\\\/#website\",\"url\":\"https:\\\/\\\/www.fiadys.org\\\/\",\"name\":\"Fiadys\",\"description\":\"Fundaci\u00f3n para la Investigaci\u00f3n Aplicada en Delincuencia y Seguridad\",\"potentialAction\":[{\"@type\":\"SearchAction\",\"target\":{\"@type\":\"EntryPoint\",\"urlTemplate\":\"https:\\\/\\\/www.fiadys.org\\\/?s={search_term_string}\"},\"query-input\":{\"@type\":\"PropertyValueSpecification\",\"valueRequired\":true,\"valueName\":\"search_term_string\"}}],\"inLanguage\":\"en-US\"}]}<\/script>\n<!-- \/ Yoast SEO plugin. -->","yoast_head_json":{"title":"Episodio 7. Justicia restaurativa empresarial y criminolog\u00eda verde - Fiadys","robots":{"index":"index","follow":"follow","max-snippet":"max-snippet:-1","max-image-preview":"max-image-preview:large","max-video-preview":"max-video-preview:-1"},"canonical":"https:\/\/www.fiadys.org\/dialogo\/nuevo-episodio-de-dialogos-con-fiadys-3\/","og_locale":"en_US","og_type":"article","og_title":"Episodio 7. Justicia restaurativa empresarial y criminolog\u00eda verde - Fiadys","og_description":"Bienvenidos y bienvenidas al s\u00e9ptimo episodio de Di\u00e1logos con FIADYS. En este episodio nos reunimos con Gema Varona Mart\u00ednez, directora [&hellip;]","og_url":"https:\/\/www.fiadys.org\/dialogo\/nuevo-episodio-de-dialogos-con-fiadys-3\/","og_site_name":"Fiadys","article_modified_time":"2025-08-08T09:49:43+00:00","og_image":[{"width":500,"height":500,"url":"https:\/\/www.fiadys.org\/wp-content\/uploads\/2024\/10\/Logo-podcast-.jpg","type":"image\/jpeg"}],"twitter_card":"summary_large_image","twitter_misc":{"Est. reading time":"1 minute"},"schema":{"@context":"https:\/\/schema.org","@graph":[{"@type":"WebPage","@id":"https:\/\/www.fiadys.org\/dialogo\/nuevo-episodio-de-dialogos-con-fiadys-3\/","url":"https:\/\/www.fiadys.org\/dialogo\/nuevo-episodio-de-dialogos-con-fiadys-3\/","name":"Episodio 7. Justicia restaurativa empresarial y criminolog\u00eda verde - Fiadys","isPartOf":{"@id":"https:\/\/www.fiadys.org\/#website"},"primaryImageOfPage":{"@id":"https:\/\/www.fiadys.org\/dialogo\/nuevo-episodio-de-dialogos-con-fiadys-3\/#primaryimage"},"image":{"@id":"https:\/\/www.fiadys.org\/dialogo\/nuevo-episodio-de-dialogos-con-fiadys-3\/#primaryimage"},"thumbnailUrl":"https:\/\/www.fiadys.org\/wp-content\/uploads\/2024\/10\/Logo-podcast-.jpg","datePublished":"2024-10-01T13:59:15+00:00","dateModified":"2025-08-08T09:49:43+00:00","breadcrumb":{"@id":"https:\/\/www.fiadys.org\/dialogo\/nuevo-episodio-de-dialogos-con-fiadys-3\/#breadcrumb"},"inLanguage":"en-US","potentialAction":[{"@type":"ReadAction","target":["https:\/\/www.fiadys.org\/dialogo\/nuevo-episodio-de-dialogos-con-fiadys-3\/"]}]},{"@type":"ImageObject","inLanguage":"en-US","@id":"https:\/\/www.fiadys.org\/dialogo\/nuevo-episodio-de-dialogos-con-fiadys-3\/#primaryimage","url":"https:\/\/www.fiadys.org\/wp-content\/uploads\/2024\/10\/Logo-podcast-.jpg","contentUrl":"https:\/\/www.fiadys.org\/wp-content\/uploads\/2024\/10\/Logo-podcast-.jpg","width":500,"height":500},{"@type":"BreadcrumbList","@id":"https:\/\/www.fiadys.org\/dialogo\/nuevo-episodio-de-dialogos-con-fiadys-3\/#breadcrumb","itemListElement":[{"@type":"ListItem","position":1,"name":"Home","item":"https:\/\/www.fiadys.org\/en\/"},{"@type":"ListItem","position":2,"name":"Episodio 7. Justicia restaurativa empresarial y criminolog\u00eda verde"}]},{"@type":"WebSite","@id":"https:\/\/www.fiadys.org\/#website","url":"https:\/\/www.fiadys.org\/","name":"Fiadys","description":"Fundaci\u00f3n para la Investigaci\u00f3n Aplicada en Delincuencia y Seguridad","potentialAction":[{"@type":"SearchAction","target":{"@type":"EntryPoint","urlTemplate":"https:\/\/www.fiadys.org\/?s={search_term_string}"},"query-input":{"@type":"PropertyValueSpecification","valueRequired":true,"valueName":"search_term_string"}}],"inLanguage":"en-US"}]}},"_links":{"self":[{"href":"https:\/\/www.fiadys.org\/en\/wp-json\/wp\/v2\/dialogo\/3626","targetHints":{"allow":["GET"]}}],"collection":[{"href":"https:\/\/www.fiadys.org\/en\/wp-json\/wp\/v2\/dialogo"}],"about":[{"href":"https:\/\/www.fiadys.org\/en\/wp-json\/wp\/v2\/types\/dialogo"}],"wp:featuredmedia":[{"embeddable":true,"href":"https:\/\/www.fiadys.org\/en\/wp-json\/wp\/v2\/media\/3627"}],"wp:attachment":[{"href":"https:\/\/www.fiadys.org\/en\/wp-json\/wp\/v2\/media?parent=3626"}],"wp:term":[{"taxonomy":"post_tag","embeddable":true,"href":"https:\/\/www.fiadys.org\/en\/wp-json\/wp\/v2\/tags?post=3626"}],"curies":[{"name":"wp","href":"https:\/\/api.w.org\/{rel}","templated":true}]}}

Episodio 7. Justicia restaurativa empresarial y criminología verde

<p>Bienvenidos y bienvenidas al séptimo episodio de Diálogos con FIADYS. En este episodio nos reunimos con Gema Varona Martínez, directora del Instituto Vasco de Criminología, profesora de Política Criminal y Victimología en la Universidad del País Vasco e investigadora asociada de FIADYS. Hablamos con ella sobre la justicia restaurativa empresarial y criminología verde. </p>



<p>Podéis escuchar el episodio en <a href="https://open.spotify.com/episode/0atxhN0Dxt6uaXGIHATDmG?si=RQcA9bAKSxODgsjNwzptVw">Spotify</a>, Apple Podcast y <a href="https://youtu.be/ThjlAp6lMAU?si=DhHpp4XHoPNONqBq">YouTube</a>.</p>



<p>Si queréis seguir las publicaciones mencionadas durante el episodio, os dejamos los links que podrían ser de interés: </p>



<p>&#8211; Publicaciones del Instituto Vasco de Criminología: <a href="https://www.ehu.eus/es/web/ivac/laboratorio-de-teoria-y-practica-de-la-justicia-restaurativa/publicaciones">https://www.ehu.eus/es/web/ivac/laboratorio-de-teoria-y-practica-de-la-justicia-restaurativa/publicaciones</a></p>



<p>&#8211; Instituto Vasco de Criminología: <a href="https://www.ehu.eus/es/web/ivac">https://www.ehu.eus/es/web/ivac</a></p>

<p>Bienvenidos y bienvenidas al séptimo episodio de Diálogos con FIADYS. En este episodio nos reunimos con Gema Varona Martínez, directora [&hellip;]</p>

<!-- This site is optimized with the Yoast SEO plugin v27.4 - https://yoast.com/product/yoast-seo-wordpress/ -->
<title>Episodio 7. Justicia restaurativa empresarial y criminología verde - Fiadys</title>
<meta name="robots" content="index, follow, max-snippet:-1, max-image-preview:large, max-video-preview:-1" />
<link rel="canonical" href="https://www.fiadys.org/dialogo/nuevo-episodio-de-dialogos-con-fiadys-3/" />
<meta property="og:locale" content="en_US" />
<meta property="og:type" content="article" />
<meta property="og:title" content="Episodio 7. Justicia restaurativa empresarial y criminología verde - Fiadys" />
<meta property="og:description" content="Bienvenidos y bienvenidas al séptimo episodio de Diálogos con FIADYS. En este episodio nos reunimos con Gema Varona Martínez, directora [&hellip;]" />
<meta property="og:url" content="https://www.fiadys.org/dialogo/nuevo-episodio-de-dialogos-con-fiadys-3/" />
<meta property="og:site_name" content="Fiadys" />
<meta property="article:modified_time" content="2025-08-08T09:49:43+00:00" />
<meta property="og:image" content="https://www.fiadys.org/wp-content/uploads/2024/10/Logo-podcast-.jpg" />
	<meta property="og:image:width" content="500" />
	<meta property="og:image:height" content="500" />
	<meta property="og:image:type" content="image/jpeg" />
<meta name="twitter:card" content="summary_large_image" />
<meta name="twitter:label1" content="Est. reading time" />
	<meta name="twitter:data1" content="1 minute" />
<script type="application/ld+json" class="yoast-schema-graph">{"@context":"https:\/\/schema.org","@graph":[{"@type":"WebPage","@id":"https:\/\/www.fiadys.org\/dialogo\/nuevo-episodio-de-dialogos-con-fiadys-3\/","url":"https:\/\/www.fiadys.org\/dialogo\/nuevo-episodio-de-dialogos-con-fiadys-3\/","name":"Episodio 7. Justicia restaurativa empresarial y criminología verde - Fiadys","isPartOf":{"@id":"https:\/\/www.fiadys.org\/#website"},"primaryImageOfPage":{"@id":"https:\/\/www.fiadys.org\/dialogo\/nuevo-episodio-de-dialogos-con-fiadys-3\/#primaryimage"},"image":{"@id":"https:\/\/www.fiadys.org\/dialogo\/nuevo-episodio-de-dialogos-con-fiadys-3\/#primaryimage"},"thumbnailUrl":"https:\/\/www.fiadys.org\/wp-content\/uploads\/2024\/10\/Logo-podcast-.jpg","datePublished":"2024-10-01T13:59:15+00:00","dateModified":"2025-08-08T09:49:43+00:00","breadcrumb":{"@id":"https:\/\/www.fiadys.org\/dialogo\/nuevo-episodio-de-dialogos-con-fiadys-3\/#breadcrumb"},"inLanguage":"en-US","potentialAction":[{"@type":"ReadAction","target":["https:\/\/www.fiadys.org\/dialogo\/nuevo-episodio-de-dialogos-con-fiadys-3\/"]}]},{"@type":"ImageObject","inLanguage":"en-US","@id":"https:\/\/www.fiadys.org\/dialogo\/nuevo-episodio-de-dialogos-con-fiadys-3\/#primaryimage","url":"https:\/\/www.fiadys.org\/wp-content\/uploads\/2024\/10\/Logo-podcast-.jpg","contentUrl":"https:\/\/www.fiadys.org\/wp-content\/uploads\/2024\/10\/Logo-podcast-.jpg","width":500,"height":500},{"@type":"BreadcrumbList","@id":"https:\/\/www.fiadys.org\/dialogo\/nuevo-episodio-de-dialogos-con-fiadys-3\/#breadcrumb","itemListElement":[{"@type":"ListItem","position":1,"name":"Home","item":"https:\/\/www.fiadys.org\/en\/"},{"@type":"ListItem","position":2,"name":"Episodio 7. Justicia restaurativa empresarial y criminología verde"}]},{"@type":"WebSite","@id":"https:\/\/www.fiadys.org\/#website","url":"https:\/\/www.fiadys.org\/","name":"Fiadys","description":"Fundación para la Investigación Aplicada en Delincuencia y Seguridad","potentialAction":[{"@type":"SearchAction","target":{"@type":"EntryPoint","urlTemplate":"https:\/\/www.fiadys.org\/?s={search_term_string}"},"query-input":{"@type":"PropertyValueSpecification","valueRequired":true,"valueName":"search_term_string"}}],"inLanguage":"en-US"}]}</script>
<!-- / Yoast SEO plugin. -->

Episodio 7. Justicia restaurativa empresarial y criminología verde - Fiadys

Bienvenidos y bienvenidas al séptimo episodio de Diálogos con FIADYS. En este episodio nos reunimos con Gema Varona Martínez, directora [&hellip;]

Fundación para la Investigación Aplicada en Delincuencia y Seguridad
